{"id":10,"date":"2025-03-03T11:17:09","date_gmt":"2025-03-03T10:17:09","guid":{"rendered":"https:\/\/alto-consulting-global.com\/?page_id=10"},"modified":"2025-03-11T10:07:55","modified_gmt":"2025-03-11T09:07:55","slug":"une-expertise-au-service-de-vos-ambitions","status":"publish","type":"page","link":"https:\/\/alto-consulting-global.com\/index.php\/une-expertise-au-service-de-vos-ambitions\/","title":{"rendered":"Une expertise au service de vos ambitions"},"content":{"rendered":"\n<hr class=\"wp-block-separator has-text-color has-ast-global-color-0-color has-alpha-channel-opacity has-ast-global-color-0-background-color has-background is-style-default\"\/>\n\n\n\n<figure class=\"wp-block-image aligncenter size-large is-resized is-style-rounded\"><img fetchpriority=\"high\" decoding=\"async\" width=\"958\" height=\"1024\" src=\"http:\/\/alto-consulting-global.com\/wp-content\/uploads\/2025\/03\/photo2024-140x140.jpg-958x1024.jpg\" alt=\"\" class=\"wp-image-257\" style=\"width:150px;height:150px\" srcset=\"https:\/\/alto-consulting-global.com\/wp-content\/uploads\/2025\/03\/photo2024-140x140.jpg-958x1024.jpg 958w, https:\/\/alto-consulting-global.com\/wp-content\/uploads\/2025\/03\/photo2024-140x140.jpg-281x300.jpg 281w, https:\/\/alto-consulting-global.com\/wp-content\/uploads\/2025\/03\/photo2024-140x140.jpg-768x821.jpg 768w, https:\/\/alto-consulting-global.com\/wp-content\/uploads\/2025\/03\/photo2024-140x140.jpg.jpg 1400w\" sizes=\"(max-width: 958px) 100vw, 958px\" \/><\/figure>\n\n\n\n<blockquote class=\"wp-block-quote has-text-align-center is-style-large is-layout-flow wp-block-quote-is-layout-flow\" style=\"font-size:15px\">\n<p style=\"font-size:20px;line-height:1.5\">\u00ab&nbsp;Votre entreprise \u00e9volue dans un environnement en perp\u00e9tuel mouvement.<br>Vos enjeux marketing et communication demandent des <strong>r\u00e9ponses claires<\/strong>, <strong>efficaces <\/strong>et <strong>adapt\u00e9es <\/strong>\u00e0 votre r\u00e9alit\u00e9.<br><br>Depuis plus de 25 ans, j\u2019accompagne les <strong>entreprises <\/strong>et les <strong>collectivit\u00e9s <\/strong>en France et \u00e0 l\u2019international pour structurer, piloter et optimiser leurs <strong>strat\u00e9gies marketing et communication<\/strong>, afin de booster leur d\u00e9veloppement, leur croissance et leur impact.<br><br>Mon but : vous aider \u00e0 gagner en <strong>visibilit\u00e9<\/strong>, en <strong>efficacit\u00e9 <\/strong>et \u00e0 atteindre vos <strong>objectifs<\/strong>.&nbsp;\u00bb<\/p>\n<cite>\u2014 Chlo\u00e9 CUPILLARD, <em>Dirigeante | Directrice conseil ALTO CONSULTING<\/em><\/cite><\/blockquote>\n\n\n\n<hr class=\"wp-block-separator has-text-color has-ast-global-color-0-color has-alpha-channel-opacity has-ast-global-color-0-background-color has-background is-style-default\"\/>\n\n\n\n<p>Des solutions sur mesure, pens\u00e9es pour vous :<\/p>\n\n\n\n<ul class=\"wp-block-list\">\n<li>Une vision strat\u00e9gique et op\u00e9rationnelle &gt; de l\u2019analyse des enjeux \u00e0 la mise en \u0153uvre concr\u00e8te.<\/li>\n\n\n\n<li>Une approche adapt\u00e9e \u00e0 votre structure &gt; Startups, PME, multinationales, collectivit\u00e9s : chaque solution est taill\u00e9e sur mesure.<\/li>\n\n\n\n<li>Un gain de temps et d\u2019efficacit\u00e9 &gt; des recommandations pragmatiques, applicables imm\u00e9diatement.<\/li>\n\n\n\n<li>Un accompagnement personnalis\u00e9 &gt; gestion de projet sp\u00e9cifique, formation de vos ressources internes si besoin.<\/li>\n<\/ul>\n\n\n\n<p><\/p>\n","protected":false},"excerpt":{"rendered":"<p>\u00ab&nbsp;Votre entreprise \u00e9volue dans un environnement en perp\u00e9tuel mouvement.Vos enjeux marketing et communication demandent des r\u00e9ponses claires, efficaces et adapt\u00e9es [&hellip;]<\/p>\n","protected":false},"author":1,"featured_media":0,"parent":0,"menu_order":0,"comment_status":"closed","ping_status":"closed","template":"","meta":{"site-sidebar-layout":"default","site-content-layout":"","ast-site-content-layout":"","site-content-style":"default","site-sidebar-style":"default","ast-global-header-display":"","ast-banner-title-visibility":"","ast-main-header-display":"","ast-hfb-above-header-display":"","ast-hfb-below-header-display":"","ast-hfb-mobile-header-display":"","site-post-title":"","ast-breadcrumbs-content":"","ast-featured-img":"","footer-sml-layout":"","theme-transparent-header-meta":"","adv-header-id-meta":"","stick-header-meta":"","header-above-stick-meta":"","header-main-stick-meta":"","header-below-stick-meta":"","astra-migrate-meta-layouts":"default","ast-page-background-enabled":"default","ast-page-background-meta":{"desktop":{"background-color":"var(--ast-global-color-5)","background-image":"","background-repeat":"repeat","background-position":"center center","background-size":"auto","background-attachment":"scroll","background-type":"","background-media":"","overlay-type":"","overlay-color":"","overlay-opacity":"","overlay-gradient":""},"tablet":{"background-color":"","background-image":"","background-repeat":"repeat","background-position":"center center","background-size":"auto","background-attachment":"scroll","background-type":"","background-media":"","overlay-type":"","overlay-color":"","overlay-opacity":"","overlay-gradient":""},"mobile":{"background-color":"","background-image":"","background-repeat":"repeat","background-position":"center center","background-size":"auto","background-attachment":"scroll","background-type":"","background-media":"","overlay-type":"","overlay-color":"","overlay-opacity":"","overlay-gradient":""}},"ast-content-background-meta":{"desktop":{"background-color":"var(--ast-global-color-4)","background-image":"","background-repeat":"repeat","background-position":"center center","background-size":"auto","background-attachment":"scroll","background-type":"","background-media":"","overlay-type":"","overlay-color":"","overlay-opacity":"","overlay-gradient":""},"tablet":{"background-color":"var(--ast-global-color-4)","background-image":"","background-repeat":"repeat","background-position":"center center","background-size":"auto","background-attachment":"scroll","background-type":"","background-media":"","overlay-type":"","overlay-color":"","overlay-opacity":"","overlay-gradient":""},"mobile":{"background-color":"var(--ast-global-color-4)","background-image":"","background-repeat":"repeat","background-position":"center center","background-size":"auto","background-attachment":"scroll","background-type":"","background-media":"","overlay-type":"","overlay-color":"","overlay-opacity":"","overlay-gradient":""}},"footnotes":""},"class_list":["post-10","page","type-page","status-publish","hentry"],"_links":{"self":[{"href":"https:\/\/alto-consulting-global.com\/index.php\/wp-json\/wp\/v2\/pages\/10","targetHints":{"allow":["GET"]}}],"collection":[{"href":"https:\/\/alto-consulting-global.com\/index.php\/wp-json\/wp\/v2\/pages"}],"about":[{"href":"https:\/\/alto-consulting-global.com\/index.php\/wp-json\/wp\/v2\/types\/page"}],"author":[{"embeddable":true,"href":"https:\/\/alto-consulting-global.com\/index.php\/wp-json\/wp\/v2\/users\/1"}],"replies":[{"embeddable":true,"href":"https:\/\/alto-consulting-global.com\/index.php\/wp-json\/wp\/v2\/comments?post=10"}],"version-history":[{"count":11,"href":"https:\/\/alto-consulting-global.com\/index.php\/wp-json\/wp\/v2\/pages\/10\/revisions"}],"predecessor-version":[{"id":318,"href":"https:\/\/alto-consulting-global.com\/index.php\/wp-json\/wp\/v2\/pages\/10\/revisions\/318"}],"wp:attachment":[{"href":"https:\/\/alto-consulting-global.com\/index.php\/wp-json\/wp\/v2\/media?parent=10"}],"curies":[{"name":"wp","href":"https:\/\/api.w.org\/{rel}","templated":true}]}}